at are the prime factors of (-7)/k + 186/8?
23
Suppose 2*n = 5*a + 77 + 46, 5*a = n - 124. Suppose -39 = -j + 5. Let y = a + j. List the prime factors of y.
19
Let c = -434 - -625. What are the prime factors of c?
191
Let g = 610 - 351. What are the prime factors of g?
7, 37
Suppose 4*r - 3808 = 12*r. Let f = -308 - r. What are the prime factors of f?
2, 3, 7
Suppose 11*h + 4*h - 7515 = 0. List the prime factors of h.
3, 167
Let z = -14 + 10. Let i(s) = -5*s - 11. Let r(x) = 9*x + 21. Let c(j) = 11*i(j) + 6*r(j). List the prime factors of c(z).
3
Let s(c) = 7*c**3 - c**2 - 2*c + 14. List the prime factors of s(3).
2, 47
Let a = -1253 - -2605. What are the prime factors of a?
2, 13
Suppose 16*z = 28*z - 3612. What are the prime factors of z?
7, 43
What are the prime factors of (-40)/(-56) - 20772/(-84)?
2, 31
Let u be (-120)/20*5/(-2). What are the prime factors of (33/u + -1)*1430/33?
2, 13
Let h(w) = 2*w + 4. Let x be h(0). List the prime factors of x/(-14) - 7/(49/(-1416)).
2, 101
Let m(w) = 29*w**2 - 15*w + 1. List the prime factors of m(4).
3, 5
Let c = 3815 - 1304. What are the prime factors of c?
3, 31
What are the prime factors of (20/4 + 6 - 4) + 1211?
2, 3, 7, 29
Let k be -5 - (-24)/4 - (0 + -64). Suppose -k = -5*g - 0*g. What are the prime factors of g?
13
Let a(c) = -c - 12. Let b be a(-11). List the prime factors of (2768/(-16))/(-2 + (b - -2)).
173
Let m = -320 - -1025. What are the prime factors of (21/15 + 1)/(6/m)?
2, 3, 47
Let y(q) = q**2 + 10*q - 103. List the prime factors of y(-20).
97
Let s = -157 + 265. Suppose -3*k - 54 = -2*c, s = -c + 5*c + 5*k. What are the prime factors of c?
3
Let s(k) = -3*k**3 - 7*k + 1 + 1 - 4*k**2 + 4*k**3 + 4*k. Let i be s(5). Suppose h - 3 = i. List the prime factors of h.
3, 5
Suppose 5*n + 8 + 7 = 0. What are the prime factors of (-2 + -1)*4/n + 8?
2, 3
Suppose -2*c + 2060 = -q + 6311, 0 = 5*q + 4*c - 21311. List the prime factors of q.
4259
List the prime factors of 6 + -1*(-323 - 4).
3, 37
Suppose 2037 = 2*y + 179. What are the prime factors of y?
929
Let k(n) = 1826*n**3 + 2*n**2 - 20*n + 19. List the prime factors of k(1).
3, 7, 29
Let x be -53 - (-4 + 0)/4. Let r = x + 118. List the prime factors of r.
2, 3, 11
Let d(q) = 3*q**2 - 6*q + 10. Let b be d(4). Let j = 26 - 10. Suppose 2*a - j = -o, 3*o - a = b + 21. What are the prime factors of o?
2, 3
Let t be (-286)/(-7) + (-5)/(-35). Let x = t - 31. What are the prime factors of 316/6 + x/30?
53
Let b(p) be the second derivative of -5*p**3 + 3*p**2 - 6*p. Let u be b(3). What are the prime factors of u/(-16) - 2/8?
5
Let s(f) = -3*f - 5. Let j be s(-6). Let b(m) = m**2 - 14*m + 15. Let c be b(j). Suppose -5*n = -0*r + r - 24, -c*r + 48 = 5*n. What are the prime factors of r?
2, 3
Suppose c - 194 = 5*d, c - 4*d + 854 = 6*c. List the prime factors of c.
2, 3, 29
Suppose f + 35 + 15 = z, 4*f = 3*z - 155. Let v be (-39 - 9/(-3))/(-2). List the prime factors of (-4)/v - (-3520)/z.
2, 3, 13
Let d = 305 + 209. List the prime factors of d.
2, 257
Let x = -585 + 1046. What are the prime factors of x?
461
Suppose -j + 3*j - 4*t = 12, j + 5*t - 6 = 0. Suppose -j*c = -2*c - 656. List the prime factors of c.
2, 41
Suppose -2*k - k = -3*s + 12, -3*k = -s + 2. List the prime factors of (5 + 285/(-25))/((-1)/s).
2
Suppose 3*v = -o + 6128, -3*v + 4*v + 5*o - 2066 = 0. List the prime factors of v.
13, 157
Let a(s) = -9 + 32*s - 10*s - 10*s. List the prime factors of a(15).
3, 19
Let q be 736/(-48)*-3*2. Let n = q - 29. What are the prime factors of n?
3, 7
Let q(s) = s**3 + 7*s**2 - 8*s + 3. Let r = 31 - 39. Let y be q(r). Suppose y*w + 84 = 5*w. List the prime factors of w.
2, 3, 7
Let l(q) = q**3 - 2*q + 170. Let i = 24 + -24. List the prime factors of l(i).
2, 5, 17
Suppose -7354 = 7*q - 10*q + 2*f, q + 3*f - 2444 = 0. What are the prime factors of q?
2, 5, 7
Let l = 40 - 37. Suppose f - l*h = 31, 3*f - 2*h = 6*f - 71. What are the prime factors of f?
5
Let t(g) = -3 + 37*g**2 - 15*g - g**3 - 6 - 54*g**2 - 4*g. What are the prime factors of t(-16)?
3, 13
Let u(k) = k - 11. Let b be u(7). Let q(y) be the third derivative of -y**6/120 - y**5/15 - y**4/12 + y**3/2 + 5*y**2. List the prime factors of q(b).
11
List the prime factors of (-3960)/(-55)*(-69)/(-4).
2, 3, 23
Let u(p) be the second derivative of -11*p**3/6 - 2*p. Let i be u(4). Let j = i + 93. List the prime factors of j.
7
Let u(p) = p**3 - 6*p**2 - 7*p + 9. Let z be u(6). Let n be ((-8)/(-12))/(1/(-30)). Let q = n - z. What are the prime factors of q?
13
Let c be 21/(-3 + 6) + -1. Suppose 0 = -c*o + 5*o - 56. Let s = o - -79. What are the prime factors of s?
23
Let h(d) be the second derivative of d**6/360 - d**5/40 - 3*d**4/8 + d**3 + 5*d. Let q(k) be the second derivative of h(k). What are the prime factors of q(7)?
19
Let f(m) = -m**2 - 3*m + 2. Let s be f(-4). What are the prime factors of (-1631)/(-28) - s/(-8)?
2, 29
Let x(f) = -f**3 + 20*f**2 + 13*f. Let y be x(21). Let j = -80 - y. What are the prime factors of j?
2, 11
Let n be (-2 + -4 + 1)/(-4 - -3). Suppose 0 = 5*j - v - 1013, -5*j + 0*v = -n*v - 1025. List the prime factors of j.
2, 101
Let u be ((-15)/5 - -239) + 4. Suppose 0 = 3*p - 6*p + u. What are the prime factors of p?
2, 5
Let u be ((-2)/20*-5)/((-1)/210). Let q = -87 - u. What are the prime factors of q?
2, 3
Let s(u) = 2*u**2 + 13*u + 10. Let z be s(-6). Suppose 0*k - 36 = -2*k + 2*v, 2*k - z*v = 44. What are the prime factors of k?
2, 7
Let p = -1 + 3. Let q be (51/12 - p)*20. Suppose 0 = 2*n - 5*n + q. What are the prime factors of n?
3, 5
Suppose f - 1 = 0, -9 = -u - 2*u + 3*f. Suppose -2*z = -2*k + u*k - 388, -780 = -4*z - 2*k. What are the prime factors of z?
2, 7
Let g = 3191 + -1984. What are the prime factors of g?
17, 71
Suppose 72*f = 77*f - 45. List the prime factors of (-3 - -5)/(f/99).
2, 11
What are the prime factors of 332*(-21)/4*(-51)/119?
3, 83
Suppose -4*j = 3*q + 33, 3*j - j - q = -29. Let h be 2*3/j*-36. List the prime factors of 12/h + 106/3.
2, 3
Let w = -373 - -565. What are the prime factors of w?
2, 3
Let o(w) = 9*w - 67. Suppose 0 = -a - a + 8, 2*t - 36 = a. List the prime factors of o(t).
113
Let i = -581 + 671. List the prime factors of i.
2, 3, 5
Suppose 3*h - 5*h + 16 = 4*z, -h - 5*z + 17 = 0. Suppose 1485 = 17*y - h*y. List the prime factors of y.
3, 11
Suppose -22*b + 18241 = 2819. List the prime factors of b.
701
Let o = 161 - 146. Suppose -3061 = -o*r + 389. What are the prime factors of r?
2, 5, 23
Let k(a) = -a**2 + 7*a + 1. Let x(t) = t**3 + 3*t**2 - 2*t - 4. Let s be x(-3). Suppose -s*h + 30 = 3*h. List the prime factors of k(h).
7
Let c = 33 - 12. Suppose -3*g = -z - 17, c = -g - 4*z + 5. List the prime factors of 2 + 1 + g + 4.
11
Let u be 0*(-3)/18 - (-1 + -325). Suppose 2*j + 2*y - u = -2*j, y + 173 = 2*j. List the prime factors of j.
2, 3, 7
Suppose 2*u + 3*i = -136, 2*i + 2*i = -5*u - 347. Let l = u + 131. Let m = -29 + l. What are the prime factors of m?
31
Suppose -j + 2060 = 5*a, 2*a - 3*j - 802 = j. What are the prime factors of a?
3, 137
Suppose -3*k + 2*k = 0. What are the prime factors of k + 8*(4 - -4)?
2
Let j(a) = a - 11. Let r be j(14). Suppose -5*q = -r*q - 68. Suppose 3*d = -0*d + 2*p + q, -3*d + 38 = 2*p. List the prime factors of d.
2, 3
Let n(u) = -14*u + 21. Let d be n(19). Let b = -149 - d. List the prime factors of b.
2, 3
Let p(u) be the second derivative of u**5/20 + 5*u**4/12 - 4*u**3/3 - 7*u**2 + 5*u. Let a be p(-6). List the prime factors of 4 + (a - (-56 - -2)).
2, 7
Suppose 18*g + 3 = 19*g. Let d(b) = b**2 - 3*b + 5. Let t be d(g). Suppose -6*o = -8*o + 4*i + 64, t*o = -5*i + 235. List the prime factors of o.
2, 3, 7
Suppose x + 4*k - 6 = 0, -5*x - 4*k - 4 - 14 = 0. Let z = 108 - 54. Let l = x + z. What are the prime factors of l?
2, 3
Let g(r) = 2*r**3 - 55*r**2 - 5*r - 28. What are the prime factors of g(28)?
2, 7, 11
Let s(j) = j + 10. Let z be s(-8). Suppose -2*o + 0*n - z*n + 118 = 0, 0 = 2*n - 2. List the prime factors of o.
2, 29
What are the prime factors of (-69678)/(-84)*8/6?
2, 7, 79
Let n = -91 - -660. What are the prime factors of n?
569
Let y be (54/7)/(18/84). Let c = -30 + y. List the prime factors of c.
2, 3
Suppose 2*k + 18 = -4*j - 0*k, -j + 9 = 5*k. Let h = 16 - 35. Let u = j - 